50517260?
True
Does 112 divide 19152112?
True
Is 75 a factor of 156293192?
False
Does 2779 divide 487645025?
True
Is 8 a factor of 2057420632?
True
Is 10048608 a multiple of 592?
True
Does 3 divide 901929?
True
Does 10 divide 209366768?
False
Is 20848116 a multiple of 7?
False
Is 126189072 a multiple of 18?
True
Does 19 divide 21208726?
False
Does 12 divide 117988140?
True
Does 12 divide 137630841?
False
Does 3 divide 7104423?
True
Does 5 divide 283879?
False
Is 915 a factor of 40666260?
True
Does 324 divide 9062829?
False
Is 2524 a factor of 212498783?
False
Is 18457740 a multiple of 270?
True
Is 142874616 a multiple of 9?
False
Is 174986635 a multiple of 167?
False
Is 469 a factor of 58133886?
False
Is 2 a factor of 37496902?
True
Is 344717544 a multiple of 24?
True
Does 1451 divide 1280169222?
False
Does 280 divide 432778080?
True
Does 56 divide 25511920?
True
Does 1438 divide 93349147?
False
Is 26925368 a multiple of 35?
False
Is 218557829 a multiple of 2215?
False
Does 1970 divide 43034650?
True
Is 13 a factor of 13172683?
False
Is 1436396 a multiple of 1201?
True
Is 115894553 a multiple of 970?
False
Is 120743241 a multiple of 73?
True
Does 199 divide 149101438?
False
Does 8 divide 393478371?
False
Is 152933312 a multiple of 196?
True
Is 9203110 a multiple of 22?
False
Is 45 a factor of 10414395?
True
Is 27349664 a multiple of 76?
True
Is 206 a factor of 406220734?
False
Is 19 a factor of 2382738810?
False
Does 15 divide 117539312?
False
Is 147 a factor of 58098075?
True
Is 617 a factor of 20938512?
True
Is 279188795 a multiple of 485?
True
Does 245 divide 258094515?
True
Is 1169 a factor of 94722901?
True
Is 559 a factor of 272490699?
True
Is 12 a factor of 970083864?
True
Does 2969 divide 9361967?
False
Does 2 divide 192280417?
False
Is 972198755 a multiple of 195?
False
Is 7 a factor of 9273262?
False
Is 278 a factor of 45926434?
True
Does 4946 divide 1366001118?
True
Does 591 divide 350432773?
False
Is 1887350551 a multiple of 5042?
False
Is 26 a factor of 45330584?
True
Is 41 a factor of 252931042?
False
Does 376 divide 1879891298?
False
Does 122 divide 37406198?
False
Does 439 divide 110178502?
False
Does 342 divide 214508418?
False
Does 1563 divide 50239695?
False
Is 163663395 a multiple of 21?
True
Is 290 a factor of 70462750?
True
Is 35875088 a multiple of 31?
False
Does 45 divide 2848005?
True
Does 6 divide 1401534?
True
Is 2741402290 a multiple of 6185?
True
Is 19 a factor of 7180651?
True
Is 236615162 a multiple of 9?
False
Does 46 divide 1204905?
False
Does 712 divide 74362062?
False
Is 76 a factor of 681545428?
True
Is 9543645 a multiple of 56?
False
Does 72 divide 14720184?
True
Does 299 divide 685554077?
True
Does 122 divide 3764798?
True
Does 228 divide 21183006?
False
Is 23 a factor of 113534496?
False
Does 5 divide 36370101?
False
Does 102 divide 32517024?
False
Does 4 divide 72929091?
False
Is 4333 a factor of 478362916?
False
Does 4 divide 176913703?
False
Is 57460806 a multiple of 702?
True
Does 202 divide 1811334?
True
Is 63993762 a multiple of 1834?
True
Is 7606503 a multiple of 358?
False
Is 124861147 a multiple of 557?
False
Is 18 a factor of 367695522?
True
Is 578911440 a multiple of 21?
False
Does 8754 divide 1964686482?
True
Is 12 a factor of 14607180?
True
Does 49 divide 6174854?
False
Does 10122 divide 75813780?
True
Does 5302 divide 233298604?
True
Does 5 divide 2979220?
True
Does 22 divide 231418556?
False
Is 305 a factor of 30862855?
False
Is 41 a factor of 559868325?
True
Is 27503553 a multiple of 1617?
True
Does 79 divide 21956312?
True
Is 108533790 a multiple of 10?
True
Does 608 divide 243188448?
True
Does 88 divide 45651320?
True
Does 559 divide 291429619?
True
Is 38132859 a multiple of 154?
False
Is 10415790 a multiple of 77?
True
Does 5 divide 5262185?
True
Is 43 a factor of 594413746?
False
Is 44845410 a multiple of 10?
True
Is 991960971 a multiple of 24?
False
Does 1005 divide 29893167?
False
Is 305 a factor of 1205978507?
False
Does 24 divide 429493723?
False
Is 210908110 a multiple of 4270?
True
Is 174 a factor of 159065580?
True
Is 1330 a factor of 149248610?
True
Is 1309274976 a multiple of 24?
True
Is 2785 a factor of 297922518?
False
Does 2547 divide 416411577?
True
Is 646778433 a multiple of 45?
False
Is 265 a factor of 216553620?
False
Does 8 divide 258597784?
True
Is 58630338 a multiple of 3666?
True
Is 160012610 a multiple of 46?
True
Does 40 divide 196523720?
True
Is 2630846040 a multiple of 20?
True
Is 133637032 a multiple of 19?
True
Is 70 a factor of 39959570?
True
Is 249492216 a multiple of 124?
True
Is 878 a factor of 4955924558?
True
Is 131 a factor of 134262817?
True
Does 18 divide 78199932?
False
Is 83 a factor of 49648691?
True
Is 65 a factor of 6552903?
False
Does 62 divide 1356498?
True
Is 247017513 a multiple of 699?
True
Is 12 a factor of 214414969?
False
Is 42144529 a multiple of 5?
False
Does 1584 divide 151305969?
False
Is 76618681 a multiple of 3?
False
Does 4587 divide 90240051?
True
Is 27 a factor of 25383151?
False
Is 454233594 a multiple of 2658?
True
Is 328155099 a multiple of 25?
False
Does 4548 divide 265107348?
False
Is 385 a factor of 86396080?
False
Is 2685 a factor of 36893317?
False
Is 509034799 a multiple of 13?
True
Is 52 a factor of 4868137820?
True
Does 334 divide 1339530?
False
Is 111240324 a multiple of 218?
False
Is 197727746 a multiple of 73?
False
Is 194198947 a multiple of 1532?
False
Is 39 a factor of 104066586?
True
Is 212210390 a multiple of 197?
False
Does 33 divide 162426132?
True
Is 43165248 a multiple of 31?
False
Is 1653 a factor of 35329831?
False
Is 3548380257 a multiple of 2889?
False
Does 688 divide 26816864?
True
Does 18 divide 9548676?
True
Is 25 a factor of 30072550?
True
Is 15172416 a multiple of 159?
True
Is 968043521 a multiple of 19?
True
Does 3122 divide 401728477?
False
Is 30 a factor of 130740900?
True
Does 2 divide 3733429?
False
Is 1260818028 a multiple of 2619?
True
Is 6 a factor of 141496674?
True
Is 81 a factor of 117350477?
False
Does 1109 divide 952320480?
True
Does 82 divide 248410023?
False
Is 46 a factor of 13694798?
True
Does 891 divide 64077621?
False
Does 47 divide 4740702?
True
Does 11 divide 39667661?
True
Does 1697 divide 975378257?
False
Is 4 a factor of 1557128?
True
Is 50 a factor of 315766776?
False
Is 3435 a factor of 15924660?
True
Does 144 divide 168128496?
True
Is 28 a factor of 10990874?
False
Does 84 divide 17296093?
False
Is 962110788 a multiple of 32?
False
Does 15 divide 1319212311?
False
Is 1924887555 a multiple of 854?
False
Is 36 a factor of 14061780?
True
Is 44473682 a multiple of 79?
True
Is 105103452 a multiple of 6?
True
Does 6 divide 57372?
True
Is 95913100 a multiple of 103?
False
Is 1116284333 a multiple of 19?
True
Is 339471164 a multiple of 1140?
False
Is 135906082 a multiple of 169?
True
Is 10376197 a multiple of 13?
True
Does 41 divide 345620816?
True
Is 2757663326 a multiple of 2043?
False
Does 17 divide 561656128?
False
Is 6374 a factor of 490651398?
True
Does 862 divide 1828212597?
False
Does 1095 divide 188019165?
True
Is 1270 a factor of 40932100?
True
Is 9279069 a multiple of 5?
False
Is 22 a factor of 22001694?
True
Is 23 a factor of 733723?
True
Is 174625081 a multiple of 580?
False
Is 184147950 a multiple of 249?
True
Does 13 divide 624422137?
False
Is 21965433 a multiple of 128?
False
Is 99713255 a multiple of 4?
False
Is 51 a factor of 1447126951?
False
Is 3 a factor of 44135016?
True
Is 14971145 a multiple of 7?
True
Does 59 divide 2162864362?
True
Does 126 divide 84233898?
True
Does 288 divide 20920315?
False
Does 62 divide 416847700?
True
Does 105 divide 788062800?
True
Does 23 divide 4130781381?
False
Does 626 divide 14585800?
True
Is 2108392055 a multiple of 10?
False
Is 2 a factor of 258999?
False
Does 29 divide 48521228?
False
Does 58 divide 555714356?
True
Does 10 divide 4528585880?
True
Is 51 a factor of 24187617?
True
Is 172458876 a multiple of 276?
True
Is 5821 a factor of 185194201?
False
Is 38 a factor of 6750061?
False
Does 147 divide 6972357?
True
Is 27998967 a multiple of 2?
False
Is 6245292 a multiple of 8?
False
Does 92 divide 439418167?
False
Is 751291075 a multiple of 233?
False
Is 20929387 a multiple of 203?
False
Is 327012180 a multiple of 220?
